g + 5 - 3 - 2. Let r = 6 - -1. Suppose 2*j = -0 - 6, 3*j = 2*w - r. Calculate m(w).
5
Suppose -2*c + x + 4 = 0, 4*x + 3 = 5*c - 7. Let m(n) = 5*n**2 - 1. What is m(c)?
19
Let s(y) = y**2 + y + 12. Let b(v) = -v**2 - 13. Let m(t) = -5*b(t) - 6*s(t). Suppose 0 = 5*q - 15, -4*i - 4*q = -2*q + 22. Give m(i).
-14
Suppose -2*a + 10 + 16 = 0. Suppose 17 + a = -5*h. Let j(z) = 2 - z**3 + z**3 + z**3 + 6*z**2. Determine j(h).
2
Suppose 5*b = -4*n - 20, -5*b = -4*n - n + 20. Let l(f) be the second derivative of 1/2*f**2 + n*f**3 - 3*f + 0 - 1/4*f**4. What is l(1)?
-2
Suppose -s - 4*z - z - 18 = 0, 5*s - 4*z - 55 = 0. Let l(v) = v**2 + v + 6*v**2 + s*v + v**3 + 6 - v. What is l(-6)?
0
Let w be ((-9)/4)/(18/(-24)). Let v(j) = 6 - 3*j**2 - j**w + j + 0*j - 4*j**2. Determine v(-7).
-1
Suppose -n - 3*y - 2*y + 6 = 0, -y = -1. Let m(k) = -k**3 - 1. Let a(w) = 6*w**3 - 3*w**2 - 3*w. Let f(j) = n*a(j) + 5*m(j). Determine f(4).
-1
Let d(i) = -i**3 + i - 1. Let l = 167 + -170. What is d(l)?
23
Let s(r) be the first derivative of r**6/120 - r**5/15 - 5*r**4/24 - 2*r**3/3 + 7*r**2 - 1. Let u(j) be the second derivative of s(j). Give u(5).
-4
Let b(u) = -u**2 - 14*u - 8. Suppose 5*o - 5*w = -55, 5*o + 3*w - 2*w + 49 = 0. What is b(o)?
32
Let h = 20 + -14. Let w(n) = -3*n**2 + 18*n - 11. Let s(i) = i**2 - 6*i + 4. Let x(q) = h*w(q) + 17*s(q). Give x(6).
2
Let l(o) be the first derivative of -o**3/3 + o**2 - 9*o - 4. Let z(j) = -2*j**2 + 3*j - 17. Let a(u) = -11*l(u) + 6*z(u). Determine a(-4).
-3
Let h(s) = -14*s**2 + 5*s + 2. Let r = -21 + 15. Let x(n) = -5*n**2 + 2*n + 1. Let y(w) = r*h(w) + 17*x(w). Let g = 413 - 409. Calculate y(g).
5
Let y(o) be the third derivative of -o**5/60 - o**4/4 - 72*o**2. Determine y(-7).
-7
Suppose -r - 10 = -10. Let h(j) be the first derivative of 2/3*j**3 + r*j**2 - 8 - 3*j. Determine h(-3).
15
Suppose -4*d = g - 34, 2*g + 5*d - 95 = -3*g. Let o(p) = -5*p**2 + 10 - p**2 + g - 27 - p**3. Give o(-6).
-3
Let z = 13 + -10. Suppose z*r = 2*r - 1. Let a(x) = 6*x - 1. What is a(r)?
-7
Let w(v) = v**2 + 12*v + 29. Let d be w(-10). Let n(i) = -i**2 + 8*i - 8. Determine n(d).
-17
Let c(d) = -d + 7. Let h = 32 + -32. Suppose -5*b - 5 = h, -6*t + t = 5*b + 5. Give c(t).
7
Let i be 52/6 + 8/(-12). Suppose 0 = i*h - 3*h - 15. Let a(u) = -3*u - h + 4 - 7. Calculate a(-6).
12
Let c(n) be the second derivative of 1/2*n**2 + 1/3*n**3 + 0 + 6*n. What is c(-6)?
-11
Let m(i) = -i - 2. Let q(z) be the third derivative of -z**6/120 + 2*z**5/15 + z**4/8 - 10*z**3/3 + 2*z**2. Let c be q(8). Calculate m(c).
-6
Let b(t) = -48*t - 3. Let h be b(1). Let u = -54 - h. Let l(o) = -o**3 - 5*o**2 - 4*o + 1. Calculate l(u).
-5
Let o(a) = 4*a**3 + 8*a**2 - 7*a - 1. Let v(s) = 3*s**3 + 7*s**2 - 6*s - 2. Let x(c) = -2*o(c) + 3*v(c). Determine x(-5).
16
Let i = 6 + 14. Suppose b = 4*n + i, -4*b + 2*b = n + 5. Let v(s) = s**3 - s**2 - 5. Calculate v(b).
-5
Let k = 198 - 189. Let b(q) = -q**2 + 8*q + 5. Give b(k).
-4
Let o(i) = i**2 - 4*i + 3. Let w = 767 + -765. What is o(w)?
-1
Let f(u) = 2*u - 28. Let g(v) = 11*v**3 + v**2 + 6*v - 6. Let s be g(1). Give f(s).
-4
Let p(r) = r**3 + 4*r**2 + r - 5. Suppose w = -0 + 3. Suppose -14 - w = 3*k - 5*s, -5*k - 22 = -2*s. Give p(k).
-9
Let a(w) = 117*w**2 - 12 - 115*w**2 + 11*w + 16. Determine a(-5).
-1
Let b(q) = 6*q + 1. Let u be 4/(2 - 1) - 4. Suppose 4*s = 4*r + 4, u = 2*r + 5*s - 10 - 2. Calculate b(r).
7
Let q(a) be the second derivative of a**4/6 - 7*a**3/6 + 4*a**2 + 72*a. Determine q(6).
38
Suppose 0 = 4*u - 22*u + 90. Let l(c) = c**2 - 8*c + 6. Calculate l(u).
-9
Let p(o) = o**3 - 3*o**2 - 4*o. Let z = 35 - 31. Determine p(z).
0
Let k(t) be the first derivative of t**4/4 - 5*t**3/3 - 2*t**2 - 12*t + 491. Determine k(6).
0
Let k(q) = q**3 + 6*q**2 + q - 6. Suppose 0 = 3*j - 5*c - 48, j + 3*c = 2*j - 16. Suppose -2*n = -4 + j. Give k(n).
-12
Suppose -7 = -4*o + 29. Let z(s) = s - 9. Let a(v) = 2. Let u(g) = o*a(g) + 2*z(g). What is u(-5)?
-10
Let g(c) = 15*c**2 - 1 - 5*c**3 + 4*c**3 - 8*c + 11*c**2 - 33*c**2. Determine g(-6).
11
Let r(g) = 7 - 3 + g + 0. Let p(s) = -2*s - 7. Let i(z) = 6*p(z) + 11*r(z). Determine i(2).
0
Let k(h) be the second derivative of 0 + 7*h - 1/2*h**2 + 1/3*h**4 + 1/20*h**5 + 1/2*h**3. What is k(-3)?
-1
Let u(h) = -h - 1. Let n = 22 + -22. Suppose -r + 2*r + 3 = n. What is u(r)?
2
Let z(w) = w**3 + 6*w**2 + 7*w + 7. Let o be z(-5). Let q(p) = 3*p - 1. Let r(y) = -10*y + 2. Let x(h) = 11*q(h) + 4*r(h). Determine x(o).
18
Let i = -114 + 108. Let g(s) = s**3 + 5*s**2 - 9*s - 7. Calculate g(i).
11
Suppose 4*k = -15*m + 14*m - 17, -5*k - 20 = 0. Let l(h) = 12*h + 2. Give l(m).
-10
Let s = 14 - 8. Suppose -18 = p - 4*t, -2*t = 2*p + 3*t - 29. Let f(w) = -4*w + 7*w**2 + 0*w**3 + p*w**3 - w**3 - 7 - 2*w**3. Determine f(s).
5
Let c be ((-24)/16)/(-3 - (-62)/20). Let n(m) = -m - 10. What is n(c)?
5
Let v(q) = -q - 2. Let b be v(-5). Suppose -2*d = 2*g + 10, 2*g + b*d + 13 = -0*d. Let a(n) = -3*n - 3. What is a(g)?
3
Suppose 9*m + 28 = 13*m. Suppose f + m = 14. Let y(b) = -b. Calculate y(f).
-7
Suppose 4*x = 3*c + 2, -19 = -5*x - 3*c - 3. Let k(h) be the first derivative of 2*h**x - 3*h**2 - 2*h**2 + 2*h**2 + 9*h + 1. Calculate k(6).
-3
Let f(q) = 7*q**2 - 1. Suppose -2*d + 3*w = 34 - 31, 4*d + 2*w - 18 = 0. Let z be (-14)/1*2/(-4). Suppose -d*x + z = -10*x. Calculate f(x).
6
Let a(d) = 7*d + 12. Let n be a(-6). Let v be ((-12)/n)/(4/(-20)). Let c(z) be the first derivative of z**4/2 + 2*z**3/3 + z**2/2 - z - 1. Calculate c(v).
-11
Let s(d) = 2*d**3 - 2. Let z(k) = -5*k**3 + 9*k**2 + 10*k - 1. Let i(y) = 2*s(y) + z(y). Suppose 0 = -3*w - 2*t + 32, -t = -2*w + t + 18. Determine i(w).
-5
Let w(t) be the first derivative of t**3/3 - t**2 - 6*t - 40. Let b = -5 - -1. Determine w(b).
18
Let b(p) be the second derivative of 1/12*p**4 - 3/2*p**2 + 5/6*p**3 + 0 + 8*p. Suppose 3*y + 12 = -3*o, -4*o + y + 3*y - 24 = 0. Calculate b(o).
-3
Let s(p) = -13*p**3 + 2*p**2 - 1. Let y(k) = 4*k**3 - 25*k**2 + 4*k + 13. Let q be y(6). Determine s(q).
-12
Let m(r) = 2*r**2 + 63 + 9*r - 127 + 55 - 3*r**2. Let l be 4/(-14) + 88/14. Calculate m(l).
9
Let q(s) = s**2 - 9*s + 8. Let o be q(6). Let m(k) = k**3 + 10*k**2 + k + 12. Calculate m(o).
2
Let b(m) = m**3 - 2*m**2 - 3*m + 4. Let k be 4 - 4 - ((-8)/2 - 0). What is b(k)?
24
Suppose f - 3 - 3 = 0. Suppose 15 = o + 2*o. Let v = o - f. Let k(n) = -7*n - 1. Calculate k(v).
6
Let r = 32 - 19. Let y(t) = 12*t + 2 - 1 - r*t. Calculate y(10).
-9
Let b(s) be the second derivative of -s**3/6 + 6*s**2 + s. Let v be (-6)/(-4) + 25/(-2). Let t be ((-1023)/12)/v - 2/(-8). Determine b(t).
4
Suppose 3 = 3*w - u - 2*u, 11 = 2*w + u. Let k be -1 - (-4 + 3)*4. Let a(g) = -6 - g - k + 5. Determine a(w).
-8
Let z(q) = 5*q + 7. Let y(k) = -4*k - 7. Let s(v) = -3*y(v) - 2*z(v). Let i be 5*(-1)/(20/(-52)). Let j = 7 - i. Determine s(j).
-5
Suppose 3*b - 9 = 293*c - 291*c, 2*c - 2*b + 6 = 0. Let a(f) = -2*f**3 + 9*f + 29. Let i(z) = -z**3 + 4*z + 14. Let g(r) = 3*a(r) - 7*i(r). Give g(c).
-11
Let z = -58 - -63. Suppose z*y + 18 + 7 = 0. Let n(t) = 2*t + 6. Give n(y).
-4
Let d = 2 - 3. Let v be d*(-2 + 3) - 0. Let w(c) = -1 + 2*c**2 + c**3 + 9894*c - 9894*c. Determine w(v).
0
Let i(s) = s**2 + 6. Let d(h) be the third derivative of h**6/120 + h**5/10 + 5*h**4/12 + 4*h**3/3 + 2*h**2. Let o be d(-4). Determine i(o).
6
Let s(d) = -d**2 + 6*d - 7. Suppose 2*y - 38 = -4*o, -4*o - 3*y = o - 50. Suppose 6*w = o*w + 3. Let r = w + 8. Give s(r).
-2
Suppose 0 = d + 7 - 2, -3*b + 2*d + 19 = 0. Suppose -5*l + b = 3. Let q(o) = -o + 4. Let u(p) = p - 5. Let f(c) = 3*q(c) + 4*u(c). Determine f(l).
-8
Let s(y) = -4*y + 1. Let a be s(-1). Suppose -135 = a*l - 35. Let x = l + 26. Let o(k) = -k**3 + 6*k**2 + 3*k - 9. Calculate o(x).
9
Let r be (-1)/(-2)*(-3)/(-6)*4. Suppose 2*x + 4*w = 510, -3*x + 745 = -3*w + 4*w. Let b(f) = -x + 247 + f**2. Calculate b(r).
1
Let v(l) be the second derivative of l**4/4 + l**3/2 + 3*l**2/2 - 5*l - 23. Give v(-4).
39
Let k(g) be the first derivative of -3*g**2/2 + 4*g + 396. Suppose -5*y = 2*c + 12, 0 = 2*c - 7*c - 3*y + 8. Give k(c).
-8
Let q(z) = 2*z**2 - 2*z + 5. Let g(v) = -v**2 + v + 1. Let n(d) = 3*g(d) + q(d). Determine n(4).
-4
Let m(o) be the second derivative of 8*o**3/3 - 5*o*